13, what is -147 - 7?
-151
In base 4, what is -11 + 131033?
131022
In base 11, what is 7 - 70?
-64
In base 4, what is 2121 - 10?
2111
In base 14, what is 11 - 1?
10
In base 9, what is -240 - 12?
-252
In base 2, what is 11 + 1000101?
1001000
In base 7, what is -125 + -322?
-450
In base 14, what is -1438 - -1?
-1437
In base 16, what is -3 - 685?
-688
In base 4, what is 12310 + 11?
12321
In base 7, what is 1130 - -25?
1155
In base 3, what is 11 + 112?
200
In base 2, what is -101001 - -110?
-100011
In base 4, what is -20210 - -3?
-20201
In base 9, what is -34 + -4?
-38
In base 10, what is -458 - 5?
-463
In base 2, what is -10010101011 + -1?
-10010101100
In base 9, what is 5 - -27?
33
In base 9, what is 231 - 35?
185
In base 12, what is 60 - -5?
65
In base 13, what is -17 + -3?
-1a
In base 3, what is 122120 + -2?
122111
In base 16, what is -34 - c?
-40
In base 2, what is 101 - -1001011101101?
1001011110010
In base 8, what is -5 + 106?
101
In base 15, what is -2 - b8?
-ba
In base 3, what is -1212 - 12022?
-21011
In base 4, what is 20 + -1011?
-331
In base 11, what is 10 + 81?
91
In base 7, what is -5 + 501?
463
In base 15, what is 16 - -6?
1c
In base 10, what is 3 - -63?
66
In base 8, what is -2741 - 5?
-2746
In base 6, what is -2253 + -4?
-2301
In base 5, what is 30 - 21?
4
In base 4, what is 3333 - 3?
3330
In base 11, what is -5a + -1?
-60
In base 14, what is 3ca - -2?
3cc
In base 10, what is 1130 + -1?
1129
In base 7, what is -3633 - -2?
-3631
In base 15, what is -3c3 - -3?
-3c0
In base 14, what is 495a - 4?
4956
In base 4, what is 1231 - 133?
1032
In base 6, what is -4 + 53?
45
In base 2, what is -1100 - 1101010011?
-1101011111
In base 11, what is 12 - 44?
-32
In base 5, what is 2 - -234?
241
In base 8, what is 113 - 34?
57
In base 2, what is -1010110010100 + 10?
-1010110010010
In base 3, what is 100021 + 11?
100102
In base 8, what is -3 + 1376?
1373
In base 2, what is 0 - -1100000?
1100000
In base 7, what is 4 + -24?
-20
In base 7, what is -4 - -4066?
4062
In base 16, what is 1 - 34c?
-34b
In base 7, what is 4 - -2201?
2205
In base 4, what is -1320 - -2?
-1312
In base 14, what is -5 - -279?
274
In base 9, what is 4 - -10?
14
In base 5, what is -340 + 11?
-324
In base 8, what is 0 - -13?
13
In base 12, what is -230 + -4?
-234
In base 15, what is -5 + -44?
-49
In base 16, what is -2a - bf?
-e9
In base 14, what is -5 + 69?
64
In base 14, what is -56b + 5?
-566
In base 6, what is 2 - -223?
225
In base 11, what is -1164 - 4?
-1168
In base 4, what is -11 - -2231?
2220
In base 16, what is -18 + -6f?
-87
In base 8, what is -35 + 4?
-31
In base 7, what is -1 - -43?
42
In base 3, what is 12102002 - 12?
12101220
In base 6, what is 5155 - -4?
5203
In base 12, what is -109 - 12?
-11b
In base 15, what is 15d + 1?
15e
In base 5, what is 1 + 21?
22
In base 16, what is 5 + a3a?
a3f
In base 14, what is 4 + -45?
-41
In base 3, what is -1102 - 111?
-1220
In base 15, what is 196 - -5?
19b
In base 6, what is 2 - 511?
-505
In base 9, what is -4 - 6452?
-6456
In base 3, what is 12 + -1120?
-1101
In base 14, what is 61 - -1?
62
In base 9, what is -28 + 5?
-23
In base 9, what is -3 + -246?
-250
In base 10, what is 9 + 59?
68
In base 4, what is 1 - 1?
0
In base 5, what is -122133 + -1?
-122134
In base 14, what is -b - 1?
-c
In base 14, what is 257 + -5?
252
In base 9, what is -68 + -2?
-71
In base 2, what is -10001001111011 - -101?
-10001001110110
In base 2, what is -1111001 - -100?
-1110101
In base 6, what is -2 + -23?
-25
In base 4, what is -310 - -2?
-302
In base 13, what is 5 - 8?
-3
In base 11, what is -27 - 98?
-114
In base 16, what is -8d - -1?
-8c
In base 16, what is 15e7 + 4?
15eb
In base 14, what is -1 + 7a?
79
In base 14, what is 0 + 18?
18
In base 8, what is -2 - 3217?
-3221
In base 6, what is -3 - 3?
-10
In base 3, what is 2120 - 12?
2101
In base 12, what is -7 + 8?
1
In base 10, what is 0 + 58?
58
In base 16, what is b07 - 4?
b03
In base 12, what is 5 - 9b?
-96
In base 12, what is -a8 + 1b?
-89
In base 4, what is 0 + -122111?
-122111
In base 15, what is 8 - 79?
-71
In base 10, what is 57 + -64?
-7
In base 2, what is 111 - -101000100100?
101000101011
In base 7, what is 15 - 20?
-2
In base 8, what is 0 - 44?
-44
In base 6, what is 433 - -30?
503
In base 15, what is -3 - -4c9?
4c6
In base 3, what is -11 + 110?
22
In base 8, what is -44 + -5?
-51
In base 16, what is 2 + 33?
35
In base 2, what is -10000010 - 11000?
-10011010
In base 11, what is -165 - 1?
-166
In base 3, what is -12 - -201?
112
In base 7, what is 4 - 32?
-25
In base 5, what is 241 + 12?
303
In base 8, what is 1 + -2046?
-2045
In base 12, what is 1b24 + 4?
1b28
In base 8, what is -2 + 73?
71
In base 6, what is 5 - 343?
-334
In base 8, what is -1610 + 5?
-1603
In base 12, what is 4 - 223?
-21b
In base 11, what is 203 + -19?
195
In base 16, what is -13 - -f?
-4
In base 11, what is 26 + 389?
404
In base 12, what is -20 - 70?
-90
In base 7, what is 1 + -105?
-104
In base 4, what is -1 - 112000?
-112001
In base 9, what is -2 + 20?
17
In base 6, what is -1425 - 15?
-1444
In base 5, what is -1 - -22021?
22020
In base 9, what is 1 + 84?
85
In base 15, what is 6 + 87e?
885
In base 5, what is 4 + 13?
22
In base 14, what is 1099 - -1?
109a
In base 7, what is -454 - -12?
-442
In base 14, what is -3 - 1068?
-106b
In base 3, what is 122110 + -10?
122100
In base 15, what is -4 - -6e?
6a
In base 11, what is 16 + 2?
18
In base 6, what is -5 - -3?
-2
In base 10, what is 1 + -31?
-30
In base 8, what is -476 - -17?
-457
In base 11, what is 0 + 32?
32
In base 15, what is c8 + 4?
cc
In base 7, what is 2 - -1052?
1054
In base 5, what is 1331 + -10?
1321
In base 10, what is -4 - -128?
124
In base 11, what is 5 - -84?
89
In base 6, what is -5530 + -24?
-5554
In base 7, what is -5166 - 4?
-5203
In base 15, what is c - -c6?
d3
In base 6, what is -13 - -105?
52
In base 15, what is d - -23d?
24b
In base 4, what is -2 - -1003?
1001
In base 15, what is 63 + 4?
67
In base 13, what is 17 - 3?
14
In base 14, what is -4 - -800?
7da
In base 8, what is 0 + -235?
-235
In base 6, what is 4334 + 3?
4341
In base 16, what is -8d - -5?
-88
In base 5, what is -400 - -2?
-343
In base 3, what is -11021221 - -10?
-11021211
In base 4, what is 1313 + 113?
2032
In base 11, what is 2a0 + -2?
299
In base 2, what is -111010 - 10?
-111100
In base 4, what is 11313 + -202?
11111
In base 4, what is 21 + 213?
300
In base 2, what is 100 - 11011?
-10111
In base 3, what is -12 - 11011212?
-11012001
In base 7, what is 0 + 4425?
4425
In base 6, what is 4 - -135?
143
In base 13, what is -558 + 2?
-556
In base 14, what is 51 - -a?
5b
In base 14, what is -1 - 2a8?
-2a9
In base 6, what is 32 - 2?
30
In base 6, what is 250 + 150?
440
In base 13, what is 148 + 6?
151
In base 11, what is 143 + -111?
32
In base 7, what is -24 - -65?
41
In base 16, what is 13 - -2?
15
In base 14, what is -1151 + -2?
-1153
In base 4, what is 1231 + -11?
1220
In base 8, what is 4 - -374?
400
In base 9, what is 4 - 165?
-161
In base 8, what is 4 + -741?
-735
In base 13, what is 622 + 3?
625
In base 16, what is -c8 + 4?
-c4
In base 14, what is 5 - c?
-7
In base 13, what is -49 - -5?
-44
In base 5, what is 11 + -242?
-231
In base 9, what is 3784 - 2?
3782
In base 3, what is 10 - 22202?
-22122
In base 6, what is -10 - 1?
-11
In base 3, what is 2 + -220000?
-212221
In base 12, what is 368 - -1a?
386
In base 14, what is 211 + 6?
217
In base 8, what is -120 - 0?
-120
In base 6, what is -1135 - -4?
-1131
In base 12, what is 2 - 18?
-16
In base 4, what is -10 - 213?
-223
In base 9, what is 26 + 11?
37
In base 6, what is -145 + 33?
-112
In base 15, what is 7c - a?
72
In base 15, what is 3a3 - -a?
3ad
In base 9, what is -22 + 10?
-12
In base 9, what is -325 + -8?
-334
In base 14, what is c + 71?
7d
In base 6, what is 1154034 + 2?
1154040
In base 2, what is 101111 - 11?
101100
In base 3, what is 1200 + 10?
1210
In base 2, what is -11110010100110 + 0?
-11110010100110
In base 13, what is 3 - -3c3?
3c6
In base 9, what is 1 + 3475?
3476
In base 8, what is 2130 - 0?
2130
In base 15, what is -25d + -3?
-261
In base 16, what is -1487 - -4?
-1483
In base 14, what is 35 + -1?
34
In base 4, what is -103 - -223?
120
In base 10, what is 1 - 5?
-4
In base 12, what is -4a - 45?
-93
In base 2, what is 0 + -1